(q) = 7*q - 3. Let t(n) = 6*j(n) - 17*z(n). Let m be t(7). What is the units digit of 1/5 + 118/m?
2
Let a(o) be the second derivative of o**3/2 + 25*o**2 - 14*o. What is the units digit of a(0)?
0
Let l(p) = 3*p - 7. Let t be l(7). Let m = -10 + t. Suppose -m*i = -2*i - 60. What is the tens digit of i?
3
Let y be -10 + 14 - (-10)/(-1). Let p(m) = -m**3 - 3*m**2 + 7*m + 8. What is the units digit of p(y)?
4
Let v(a) = a**3 + 6*a**2 - 4*a + 2. Let i be 3/(1 + 0) + -9. What is the units digit of v(i)?
6
Let u = -280 + 1352. What is the units digit of u?
2
Let v(g) = 105*g - 329. What is the units digit of v(11)?
6
Let j be 3/(((-63)/12)/(-7)). Let r be j - (3*-15 + 4). Suppose -r = -5*z - 10. What is the units digit of z?
7
Let q(a) = -a**2 - 14*a - 11. Let z be q(-13). What is the hundreds digit of z - ((-12)/4 + -156)?
1
Let f(d) = -d**2 + 4*d - 4. Let y be f(4). Let p be (102/9)/(y/(-30)). Suppose 5*t + 10 = p. What is the tens digit of t?
1
Let r(s) = s**2 - 33*s + 22. What is the units digit of r(-15)?
2
Suppose -5*g + 3525 + 4413 = 2*w, -4*g + 5*w = -6324. What is the thousands digit of g?
1
Let u(j) = 804*j - 153. What is the hundreds digit of u(4)?
0
What is the units digit of 5 - 13 - (-3 - 22)?
7
Let h be 2/3 - 44/(-132). Let r = -7 - -12. Let q = h + r. What is the units digit of q?
6
Let b = -870 + 1924. What is the units digit of b?
4
What is the hundreds digit of ((-960)/(-75))/((-2)/(-85))?
5
Let c(o) = 2*o + 1. Let t be c(-7). Let a(k) = k + 15. Let r be a(t). What is the tens digit of (-495)/(-12) - r/8?
4
Let d(t) = 3*t**2 + 13*t - 9. Let a(l) = -4*l**2 - 12*l + 8. Let o(u) = 4*a(u) + 5*d(u). What is the units digit of o(14)?
9
Suppose -5*g = -20, 170 = s + 3*g + 16. What is the tens digit of s?
4
Let y(q) = 175*q**3 + 5*q**2. Let x(o) = 175*o**3 + 6*o**2. Let d(w) = 4*x(w) - 5*y(w). What is the units digit of d(-1)?
4
What is the units digit of (-200)/80*(4278/5)/(-3)?
3
Suppose -4*z - 2*i + 776 = 0, -2*i - 596 = -4*z + z. What is the units digit of z?
6
Let f = -28 - -34. Suppose 42 = 4*g + 3*a, -g - a + f = 2*a. What is the units digit of g?
2
Let y be (1 + -20)*(-2 - -1). Let p = 119 + y. What is the units digit of p?
8
Suppose 3*n + 2 = -1. Let r be n - (-3 + 2 + 1). Let v(d) = -18*d**3 - 2*d**2 - 3*d - 2. What is the tens digit of v(r)?
1
Suppose -2*x + s + 579 = 0, 5*x + 3*s - 423 - 997 = 0. What is the tens digit of x?
8
Suppose 0*s + 7738 = 5*s + w, 0 = 4*s + w - 6191. What is the units digit of s?
7
Let d be ((-2)/(-1 + -1))/(16/64). Suppose -4*b + w + 560 = -3*w, -4*b + 544 = d*w. What is the units digit of b?
8
Let t = 14 - 5. Let n = 11 - t. Suppose -3 = n*i - 9. What is the units digit of i?
3
Suppose 0 = -g - 7*g. Suppose g*v - 14 = -2*v. Suppose -3*t - 3*q = -54, -5*t - 4*q = -v - 83. What is the tens digit of t?
1
Suppose 4*u = -h - 20, -u + 4 = -2*h + 9. Suppose h = 5*l - 0*f + 5*f - 110, 58 = 4*l - 2*f. Let z = 33 - l. What is the tens digit of z?
1
What is the hundreds digit of ((2 - (6 + -7)) + -1)*1060?
1
Suppose 0*t + 4*t + 4*a - 12 = 0, 0 = -2*t + a + 3. Let p(o) = o**2 - 4*o + 4. Let g be p(t). Suppose -2*x = -g*x - 42. What is the tens digit of x?
2
What is the tens digit of -7 + (1*4700)/5?
3
Let m = 19 + 53. What is the units digit of 1956/m + (-2)/12?
7
Suppose -200 = -p + 525. What is the hundreds digit of p?
7
What is the units digit of -39*((-36)/(-63))/((-12)/364)?
6
Suppose -52*f = -37*f - 83760. What is the hundreds digit of f?
5
Suppose 5*c - 134 + 34 = 0. Suppose 3832 - 832 = c*p. What is the hundreds digit of p?
1
Let r(c) = -3*c - 3 + 2 + 4. Suppose -17*f - 64 = 106. What is the tens digit of r(f)?
3
Suppose 0 = -9*p + 3655 + 3239. What is the hundreds digit of p?
7
Let x = 15 - 11. Suppose 16 = -x*o, 0*i = 4*i - 2*o - 28. Suppose 3*r - 57 = 3*t, r - i*t - 23 = -r. What is the units digit of r?
4
Suppose 8*n + 0*n - 200 = 0. Suppose -4*p - 100 = -4*z, z - 3*p - 10 = n. What is the units digit of z?
0
Let d(u) = u**3 - u**2 + u + 183. Let o be d(0). Let z = -127 + o. What is the tens digit of z?
5
Let p(k) = -4*k + 1. Suppose -n = 3*f + 1, 2*n - 3*f + 13 = 2. Let a be p(n). Suppose a + 13 = 2*l. What is the units digit of l?
5
Suppose 25*t = 29*t - 16. Suppose -b + 4*q + 74 = 0, -2*b = -7*b - t*q + 346. What is the units digit of b?
0
Let i = 30 - 55. Let a = -20 - i. What is the units digit of a?
5
Suppose -4*s = 3*h - 57, 12 = 3*h + 3. Suppose 8*g - s*g = -484. What is the units digit of g?
1
Let p be (-7)/(35/200) - -4. What is the units digit of 402/8 - (-9)/p?
0
Suppose -d = -f + 143, 597 = 4*f + 8*d - 7*d. What is the tens digit of f?
4
What is the units digit of 5 + -1 - (-18)/(-9)?
2
Suppose 465*h = 457*h + 16. Suppose -48 = -m + 16. Suppose -h*z = -0*z - m. What is the units digit of z?
2
Suppose 0 = -5*r + s + 942 + 4943, 0 = 4*s + 20. Suppose 4*v + 2*v - r = 0. Suppose -w = -5*w + v. What is the tens digit of w?
4
Suppose 40 = 4*w - 9*w. Let y(o) = o**2 - 5*o + 2*o**2 + 1 - 7*o - 4*o**2. What is the tens digit of y(w)?
3
Let c(w) = 152*w**2 + 5*w + 22. What is the hundreds digit of c(3)?
4
Let s = 2 + 12. Let c be 3/(s/4 + -2). Suppose -c*h - 6 + 12 = 0. What is the units digit of h?
3
Let t(a) = -a**2 + 5*a - 4. Let h be t(3). Suppose -l + 9 = -h*l. Let q = l + 19. What is the tens digit of q?
1
Suppose -2614*y + 45440 = -2604*y. What is the tens digit of y?
4
Suppose 0 = 13*u - 6218 - 1686. What is the hundreds digit of u?
6
Let o(k) = -k - 9. Let t be o(-4). What is the tens digit of (-7539)/(-105) - 1/t?
7
Suppose -2*x - 105 + 971 = 0. Let d = x + -243. What is the hundreds digit of d?
1
Let a(i) = 4*i**2 - 110*i + 35. What is the hundreds digit of a(32)?
6
Suppose 0 = 6*c + 2*c + 32. What is the units digit of 49/21 - c/6?
3
Suppose -4*z + 8 = -2*z. What is the units digit of (-836)/(-26) + z*3/(-78)?
2
Suppose -r - 1300 = -5*r. Suppose -10*g - 45 = -r. What is the tens digit of g?
2
Let a = 4475 - 1613. What is the hundreds digit of a?
8
Suppose -2 + 6 = 2*k. Suppose -5*j = k*v, 0*j = -5*j + 4*v. Suppose j = -3*t - 24 + 159. What is the tens digit of t?
4
Suppose -1941 = 24*v - 13053. What is the tens digit of v?
6
Let s(c) = -2*c**3 - c**2 + c. Let r be s(-2). Suppose r*q - 4*q - 120 = 0. What is the tens digit of q?
2
Suppose -o = 2*d - 1, 3*d - 4 = -3*o - 2*d. Suppose 5*p + 3 = y, -p - 12 = -2*y + o. What is the units digit of y?
8
Suppose s = -2, -4*a - s + 3 = -5*a. Let c(u) = -u**3 - 4*u**2 + 5*u + 2. Let x be c(a). What is the tens digit of -18*(x/(-4) - 1)?
2
Let v(n) = -n**3 - 6*n**2 + 8*n + 7. Let i be v(-7). Suppose i = 5*f - 55 - 645. What is the tens digit of (-30)/8*f/(-15)?
3
Suppose -2*i - 2 = -2*l, 7*l - 2*l + 2*i = 19. Suppose 4*f - l*q = -4*q + 409, f - q = 101. What is the units digit of f?
2
Let o(t) = -t**2 + 10*t + 3. Let b be (48/2)/((-24)/(-16)). Suppose 0 = -0*i - 2*i + b. What is the tens digit of o(i)?
1
Let q = -220 + 239. What is the units digit of q?
9
Suppose -182 = -3*k - 524. Let o = 271 + k. What is the hundreds digit of o?
1
Suppose -556*p = -563*p + 10549. What is the hundreds digit of p?
5
Suppose -5*v = -3*v - 68. Let k = v + -9. What is the units digit of k?
5
Let o = -4 - 16. What is the units digit of 1 + 2 - o/10?
5
Suppose -14*f + 27256 = 9966. What is the thousands digit of f?
1
Let x(n) = 3*n**2 - 12*n - 26. What is the tens digit of x(11)?
0
Let x = -13 + 12. What is the units digit of (-35 - -12)/(-2 - x)?
3
What is the thousands digit of ((-1224)/12)/((-2)/82*2)?
2
Let q = -43 - -43. Suppose 3*n + 7*n - 340 = q. What is the units digit of n?
4
Let q be 1 - (-4)/(-20)*5. Suppose -2*g - 2*p = -q*p - 126, 4*g - 237 = -p. What is the units digit of g?
8
Let b be 1/(8/(-9) - -1). What is the units digit of (-4)/(-18) + b/((-324)/(-2440))?
8
Let w = 7 - 2. Suppose w*z + 2*p + 81 = 3*p, 5*z + 84 = 4*p. Let f = -10 - z. What is the units digit of f?
6
Let d = 950 + 411. What is the units digit of d?
1
Suppose -5*a + 1358 = 2*a. Let r = a + -112. What is the tens digit of r?
8
Suppose 0 = i - 3*i + 4. Suppose -4*x + 108 = -3*x + 5*w, -160 = -i*x + 4*w. What is the tens digit of x?
8
Let p = -102 - -165. Suppose -7*l = -147 - p. What is the tens digit of l?
3
Let g(b) = -22*b**2 - 14*b + 6. Let w be g(-5). Let i = 689 + w. What is